8.
37
Calculate the highest common factor of 7513 and 10245.
683
What is the greatest common divisor of 10612 and 253172?
1516
Calculate the highest common factor of 41452 and 258.
86
Calculate the greatest common factor of 81469 and 6425.
257
What is the greatest common divisor of 88236 and 48?
12
What is the greatest common divisor of 114 and 72?
6
What is the highest common divisor of 53449 and 946?
473
Calculate the highest common divisor of 1634 and 1720.
86
Calculate the highest common divisor of 197218 and 224.
14
What is the highest common factor of 204 and 227698?
34
Calculate the greatest common divisor of 2505 and 812121.
501
What is the highest common factor of 7568 and 1936?
176
Calculate the greatest common factor of 3978 and 12402.
234
What is the greatest common divisor of 672 and 1879584?
672
What is the greatest common divisor of 1507 and 55?
11
What is the highest common divisor of 92 and 413425?
23
Calculate the greatest common divisor of 253 and 77487.
23
Calculate the highest common factor of 3406 and 442.
26
What is the greatest common divisor of 84465 and 30?
15
Calculate the greatest common divisor of 8551 and 1509.
503
Calculate the greatest common divisor of 28 and 5495.
7
What is the greatest common factor of 286564 and 248?
124
What is the highest common divisor of 46 and 1480?
2
Calculate the highest common factor of 127952 and 1232.
176
Calculate the greatest common divisor of 88 and 1032988.
44
What is the greatest common divisor of 524 and 142397?
131
Calculate the highest common factor of 1635 and 30956.
109
What is the greatest common divisor of 70266 and 6?
6
What is the greatest common divisor of 144 and 124816?
16
Calculate the highest common factor of 403 and 4061.
31
Calculate the highest common divisor of 295224 and 552.
24
What is the greatest common divisor of 22357 and 395?
79
Calculate the greatest common factor of 551225 and 1275.
425
Calculate the highest common divisor of 32 and 134528.
32
What is the highest common factor of 72 and 1181592?
72
Calculate the greatest common divisor of 16 and 2526424.
8
Calculate the highest common divisor of 47 and 2794009.
47
Calculate the highest common divisor of 602 and 5977.
43
Calculate the greatest common divisor of 180 and 22480.
20
What is the greatest common factor of 3489 and 207?
3
Calculate the highest common factor of 15 and 454890.
15
What is the highest common factor of 10 and 267515?
5
Calculate the greatest common divisor of 13 and 104234.
13
What is the highest common divisor of 72050 and 3025?
275
What is the highest common factor of 83875 and 50?
25
Calculate the highest common divisor of 4802 and 1274.
98
What is the greatest common divisor of 1377 and 100197?
81
What is the highest common factor of 5532 and 516?
12
Calculate the greatest common factor of 115752 and 1596.
84
What is the greatest common factor of 270777 and 34060?
1703
Calculate the highest common factor of 152640 and 108.
36
Calculate the greatest common factor of 37512 and 189.
9
What is the highest common divisor of 432171 and 279?
279
Calculate the highest common factor of 51831 and 117.
117
What is the greatest common divisor of 77578 and 474?
158
What is the greatest common divisor of 1067 and 9215?
97
Calculate the greatest common factor of 36148 and 868.
28
What is the greatest common divisor of 195 and 19410?
15
Calculate the highest common divisor of 93890 and 2624.
82
Calculate the highest common divisor of 12 and 174.
6
What is the greatest common divisor of 2943 and 243?
27
What is the highest common divisor of 15 and 1098645?
15
What is the highest common divisor of 88746 and 3192?
42
What is the highest common factor of 2735232 and 2448?
816
Calculate the greatest common factor of 35664 and 48.
48
What is the highest common divisor of 462 and 2761?
11
Calculate the highest common factor of 55336 and 56.
8
What is the highest common divisor of 146097 and 189?
189
Calculate the highest common factor of 11750 and 31678.
94
Calculate the greatest common divisor of 69 and 1521.
3
What is the greatest common factor of 396 and 17292?
132
Calculate the highest common divisor of 10829 and 51.
17
Calculate the highest common factor of 423 and 12878.
47
What is the highest common divisor of 176 and 50248?
88
What is the greatest common divisor of 354339 and 36?
9
Calculate the highest common divisor of 1645209 and 17.
17
Calculate the greatest common divisor of 5871 and 17304.
309
Calculate the greatest common divisor of 107619 and 58.
29
What is the greatest common divisor of 4681 and 197997?
31
What is the greatest common factor of 56985 and 105?
15
What is the greatest common factor of 9368 and 72?
8
What is the greatest common factor of 2226396 and 12?
12
What is the greatest common divisor of 8358312 and 12?
12
Calculate the greatest common factor of 223818 and 357.
21
Calculate the greatest common factor of 512 and 376.
8
Calculate the highest common factor of 103 and 550741.
103
Calculate the greatest common divisor of 7821 and 693.
99
What is the highest common factor of 535846 and 2825?
113
What is the greatest common factor of 190 and 484405?
95
What is the highest common factor of 238 and 35156?
34
What is the highest common factor of 38607 and 153?
51
Calculate the highest common divisor of 91 and 22672.
13
Calculate the greatest common factor of 7 and 847.
7
What is the highest common divisor of 9288 and 2967?
129
What is the greatest common divisor of 1736 and 827204?
868
What is the highest common divisor of 4446 and 14547?
39
Calculate the greatest common divisor of 74692 and 4734.
526
What is the highest common divisor of 558 and 15717?
93
What is the highest common divisor of 84 and 24549?
21
Calculate the greatest common divisor of 23997 and 49678.
421
What is the highest common factor of 231249 and 399?
57
What is the highest common factor of 52 and 100?
4
What is the greatest common divisor of 85 and 111248?
17
What is the greatest common divisor of 42597 and 6?
3
What is the highest common divisor of 20271 and 21141?
87
What is the highest common divisor of 1862 and 98?
98
Calculate the highest common factor of 43907 and 498.
83
Calculate the highest common divisor of 160787 and 622.
311
Calculate the highest common divisor of 96202 and 18128.
206
Calculate the highest common divisor of 54 and 96606.
54
What is the greatest common divisor of 58007 and 57?
19
What is the highest common factor of 33 and 2515293?
33
Calculate the greatest common factor of 297 and 69.
3
Calculate the highest common factor of 43570 and 40.
10
Calculate the highest common factor of 304705 and 2235.
745
Calculate the highest common divisor of 3655 and 49895.
85
Calculate the highest common divisor of 160 and 61280.
160
Calculate the highest common divisor of 385230 and 165.
15
What is the highest common divisor of 21615 and 1947?
33
Calculate the highest common factor of 184140 and 9.
9
Calculate the highest common divisor of 216 and 307827.
27
Calculate the greatest common factor of 32 and 24944.
16
What is the greatest common factor of 4 and 117226?
2
Calculate the highest common factor of 2494 and 13862.
58
What is the highest common divisor of 3125 and 7025?
25
What is the greatest common factor of 297 and 246213?
297
What is the greatest common factor of 7236 and 17889?
201
Calculate the highest common factor of 285 and 328833.
57
Calculate the highest common divisor of 16 and 5332.
4
What is the greatest common factor of 230 and 186530?
230
What is the greatest common divisor of 140786 and 2?
2
Calculate the greatest common factor of 78936 and 8.
8
What is the greatest common divisor of 166800 and 20?
20
Calculate the greatest common factor of 197 and 211.
1
Calculate the greatest common factor of 466062 and 63309.
1347
What is the greatest common divisor of 3 and 16783?
1
Calculate the highest common divisor of 2 and 24746.
2
What is the highest common divisor of 27380 and 3680?
20
Calculate the greatest common divisor of 748 and 3876.
68
Calculate the greatest common factor of 30 and 456810.
30
Calculate the highest common factor of 31 and 75671.
31
What is the greatest common divisor of 1225341 and 39?
39
Calculate the highest common divisor of 61165 and 520.
